14*t**2 - 134*t. Suppose -4*s = 4*i - 24, 0 = 4*s + 5*i - 27 - 1. Calculate q(s).
10
Let f(l) be the first derivative of l**3/3 + l**2/2 + 1. Let i = -27 + 25. Calculate f(i).
2
Let f(c) = 2*c**3 + 4*c**2 + 6*c + 9. Let z(g) = -g**3 - g**2 - 5*g - 7. Let a(d) = 2*f(d) + 3*z(d). Calculate a(-4).
25
Let d(y) = -y**3 + 2*y - 1. Let s(n) = -5*n**3 + 6*n**2 + 4*n - 13. Let u(h) = 6*d(h) - s(h). Calculate u(-6).
-41
Let t(o) = 30*o**2 + o. Suppose -4 = 33*v - 32*v + q, -3*v = -5*q - 12. Calculate t(v).
29
Let i(f) = 3*f + 30. Let a(b) = -2*b - 16. Let c(n) = 5*a(n) + 3*i(n). Let s = -5 - -10. Suppose -s*m = -9*m. What is c(m)?
10
Suppose 0 = 3*j - 25 - 14. Let d = j + -8. Let n(r) be the third derivative of -r**6/120 + r**5/12 - r**3 + r**2. What is n(d)?
-6
Suppose 8 + 4 = 6*b. Let y(t) = 3*t**3 - 13*t**2 + 5*t + 3. Let x(n) = n**3 - 6*n**2 + 3*n + 2. Let z(m) = b*y(m) - 5*x(m). Give z(-5).
-4
Suppose 0 = -i + 3 + 17. Suppose 2*s + i + 9 = -5*a, -s = 5*a + 27. Let z(o) = 6*o**2 + 3*o + 1. Give z(s).
19
Suppose 9 = 4*f + 1. Let s(d) be the second derivative of d**4/6 - 2*d**3/3 + d**2 - 278*d + 1. Give s(f).
2
Let q(y) = -4*y - 1. Suppose 0 = a + 4 - 5. Let s(n) = -n - 1. Let t = 250 - 255. Let h(p) = a*q(p) + t*s(p). Calculate h(6).
10
Let l(w) be the second derivative of w**4/6 + 11*w**3/6 + 3*w**2 + 723*w. Calculate l(-5).
1
Let k(s) = -7*s**2 + 0 + 2331*s - 1 - 1166*s - 1170*s. Calculate k(-1).
-3
Let p = 70 + -69. Let d(k) = 10*k**2 + 14 - 27 + 12 + 2*k**2 + 2*k. What is d(p)?
13
Let i(w) = -2*w**2 + 5*w + 11. Let d(k) = k + 1. Let u(s) = -6*d(s) + i(s). Determine u(-3).
-10
Let k(z) = -2*z**3 + z + 2. Let s be k(-1). Let g(o) = s*o**3 + o - 6 - 4*o**3 + 15*o**2 - 16*o**2 + 0*o**3. Determine g(0).
-6
Let n(t) = -13*t**2 - 14*t**2 - 1 + 7*t + 25*t**2 + t**2. Suppose 28 = -0*a + 4*a. Determine n(a).
-1
Let u(n) = n**2 + 3. Let l(t) = -1. Let g(s) = -4*l(s) + u(s). Let m = 40 + -38. Suppose -4*z - 12 = m*v, -3*v - 2*v + 4*z + 12 = 0. Calculate g(v).
7
Let v(t) = -t**2 + 2*t - 2. Let x = -76 + 81. Suppose -15 = -5*s + 2*u, 0 = 4*s - 2*s + x*u - 6. What is v(s)?
-5
Suppose -3*h + 0*h = -2*g + 33, -33 = 4*h + g. Let u = -6 - h. Let b(a) = -3*a - u + 6*a - 4*a. Calculate b(-3).
0
Let v(u) = 5*u - 1. Let t be (-4 - -4)/(1 + -2). Suppose -b + i + 4 = t, -4*b + 4 = i + i. Suppose 2*c + 5*l + 0 - 2 = 0, 2*c - b = -4*l. Calculate v(c).
4
Let o(l) = -3124 + 7*l + 1539 + 1559. Determine o(4).
2
Let g = -1 + -6. Let x = -5 - g. Let z(l) = -2*l**3 + 3*l**2. Calculate z(x).
-4
Let d = -181 + 184. Let m(y) = y**3 - 5*y**2 + 2*y + 1. Let p(t) = t**3 - 5*t**2 + 3*t. Let g(b) = 2*m(b) - 3*p(b). Calculate g(d).
5
Let q(y) = -y - 20. Let r(l) = -9. Let g(i) = 3*q(i) - 8*r(i). Determine g(7).
-9
Let a(j) = -3*j - 17 + 2*j + 3*j**2 + j**3 + 16 + 4*j. Let u be 6/(((-3)/(-2))/((-3)/4)). Calculate a(u).
-10
Suppose s - 4*z = 2*s - 22, 28 = 4*s - 4*z. Let w = -4 + s. Let i(u) = -w + 5 + 0 - 8*u**3. What is i(-1)?
7
Let d(b) = b**3 + 9*b**2 + 9*b + 10. Let a = 9 - 17. Let k be d(a). Let x(v) = -2*v**2 + 4*v**2 + 0*v**k - 3*v**2 + v. What is x(-1)?
-2
Let c(y) = -8*y + 5. Let n(w) = -1. Let l(v) = -c(v) - 6*n(v). Let q(s) = 2*s - 2. Let a be q(3). Suppose 0 = a*i + 8, 2*f - 6*f = 4*i + 16. Give l(f).
-15
Let y(t) = -t**2 + 8*t - 7. Let c(x) = x**2 + 7*x - 91. Let v be c(-14). What is y(v)?
0
Suppose -3*p + 6 = q + 19, -2*q + 2*p = -14. Suppose -s + 3 = 2*r, 4*r - 41 = 3*s + q*s. Let k(i) = 6 + r*i + i**2 - 2 + 4*i + 2. Give k(-5).
-9
Let k(s) = s**3 - 4*s**2 - 5*s + 1. Suppose 3*o + 5 = 4*u, -9*o + 25 = 4*u - 8*o. Give k(u).
1
Let n(j) = -22*j + 383. Let w be n(17). Let s(a) be the third derivative of 0 + w*a**2 + 0*a + 1/2*a**3 + 1/12*a**4 + 1/60*a**5. Give s(-3).
6
Suppose 15 = 3*f + 2*f. Let k(x) = -x**3 + 5*x**2 - 3*x**f + 3*x**3 - 4*x - 6 + 3. Suppose -2*t + 20 = 3*t. Determine k(t).
-3
Suppose 0 = 2*t + 3*t - 25, 4*g = 3*t + 1. Let q(c) = 2 - 4 + 6 - c. Calculate q(g).
0
Let t(l) = -17*l - 245. Let k be t(-14). Let j(o) = -o**3 - 8*o**2 - 5*o + 9. Determine j(k).
-5
Suppose 46 + 9 = 5*d. Let f(r) be the second derivative of r**3/6 - 3*r**2 + 300*r. Calculate f(d).
5
Let b(l) = -2*l + 1. Suppose 4*g - g = -4*z - 40, -4*g = -2*z - 20. Let q be (45/z*(-4)/6)/(-1). Determine b(q).
7
Let r(i) = -6*i - 3. Let w(d) = 19*d + 12. Let j(k) = 10*r(k) + 3*w(k). Determine j(2).
0
Let z(c) = -4*c**3 + 7*c**2 + 10*c - 2. Let w(x) = x**3 - x. Let y(v) = -5*w(v) - z(v). Let m = -19 - -23. Let d(u) = -5*u + 14. Let p be d(m). Determine y(p).
-4
Let v(u) be the first derivative of -4*u**3/3 + u**2 + 4*u - 175. Give v(3).
-26
Let h be (2/9 + (-169)/234)*2. Let w be -2*(-1 - 0)/1. Let l(z) = z - z + z**w - z. What is l(h)?
2
Let y = 0 - -1. Let h(a) be the second derivative of 1/6*a**4 + 0 - 12*a + 2/5*a**5 + 1/2*a**2 - 1/3*a**3. What is h(y)?
9
Let l(o) = -86*o**2 - 24*o - 20. Let j(u) = 4*u**2 + u + 1. Let y(t) = -44*j(t) - 2*l(t). What is y(3)?
-28
Let s(j) = -20*j**3 - 3*j**2 - 3*j - 2. Let y(d) = 19*d**3 + 4*d**2 + 4*d + 3. Let o(a) = -4*s(a) - 3*y(a). What is o(1)?
22
Let x(p) = 0 + 39*p - 56*p - 1 + 19*p. Determine x(1).
1
Let k(g) = -587*g**2 + 10 - 4*g + 586*g**2 - g - 4*g. Determine k(-8).
18
Suppose 79*q - 48 = 55*q. Let k(i) be the first derivative of -i + 3/2*i**q - 6. Determine k(2).
5
Let b(g) = -g**3 - 9*g**2 - 9*g - 3. Suppose 91*c - 100*c - 72 = 0. Calculate b(c).
5
Suppose 51*h - 54*h = 12. Let c(j) be the first derivative of j**4/4 + 5*j**3/3 + 2*j**2 + j - 2. What is c(h)?
1
Let t(u) = -u**3 + 5*u**2 - 2*u - 9. Let h be (-8)/(-7)*-1*21/(-6). Calculate t(h).
-1
Let l = -647 + 652. Let u(t) = -t**3 + 7*t**2 - 5*t + 3. What is u(l)?
28
Suppose 4*j - 8 = -0*j. Let a(b) = -2*b**2 + 5*b**j - b**2 - 2 - 2*b. Let u = -1 + 3. Calculate a(u).
2
Let n be 324/48 + 1/4. Let t(o) = -o**3 + 8*o**2 - 6*o - 3. Let d be t(n). Suppose d*b + 10 - 26 = 0. Let r(j) = -j**3 + 4*j**2 - 2*j. Give r(b).
-8
Let a(l) = -l**3 + 2*l**2 - 4*l - 1. Let z(h) = -h**3 + 3*h**2 - 4*h. Let u = 1 + -3. Let o(t) = u*a(t) + 3*z(t). Determine o(3).
8
Let s(y) = 2*y + 2*y**2 - 1 - 2*y**2 - 2*y**2. Let w = 21 + 4. Let g = w + -23. Give s(g).
-5
Let c be (3 - (0 - 4))*1. Let f(h) = -7*h + 26 + c*h**2 - h**3 - 41 + 19. What is f(6)?
-2
Suppose 57 = 13*r + 18. Let v(d) be the third derivative of 0 + 1/120*d**6 - 1/3*d**r + 1/12*d**4 + 1/15*d**5 + 0*d + 2*d**2. Calculate v(-2).
2
Let f(x) = 3*x**3 - 5*x**2 - 8*x - 5. Suppose 0 = 2*l + 2*l - 4*k + 20, 4*k - 16 = 0. Let h(s) = -s**3 + s + 1. Let b(j) = l*f(j) - 2*h(j). Calculate b(6).
3
Let l be -4 + 5/(10/(-4)). Let a be (3/l)/((-4)/24). Let j(r) = -11*r - 2 - r**2 + 0 + a + 4*r. What is j(-5)?
11
Let s(q) = q**3 + 8 + 11 - 12 - 6 - 2*q. Calculate s(1).
0
Let q(u) = u**2 - 2*u - 2. Suppose 15*p = 17*p + 2*r - 2, -p + r - 5 = 0. Give q(p).
6
Let p(b) = -b**3 - 9*b**2 - 8*b - 3. Let l be p(-8). Let y(c) = -120222*c**3 - 3 + 0 + 3*c + 5*c**2 + 120223*c**3. What is y(l)?
6
Let v be (-9 - 1)*(-5)/25. Let h(z) = z**2 + 2. Give h(v).
6
Suppose -2*c = 2*c + 12. Suppose 0 = -24*j + 21 + 27. Let y(k) = -k - 2. Let a(u) = -u**2. Let s(i) = j*a(i) - y(i). Calculate s(c).
-19
Let v(u) = 6*u**2 + 6*u + 3*u**3 + 2 - 3 - 2*u**3. Let i be 6/(-2)*(-2)/(-6). Let k be ((-3)/3 + 6)/i. Calculate v(k).
-6
Suppose 0 = 4*r + 3*w - 31, 0*r - 4*r = -5*w + 9. Let m(g) = -6*g**2 + 5*g - 6*g**2 - r - g**3 + 0*g**3 + 8*g**2. Determine m(-5).
-4
Let v(j) = -5*j + 2*j + j + 6. Suppose -68 = y - 5. Let z = y + 67. Give v(z).
-2
Let k(f) be the first derivative of -5*f**2 + 5. Determine k(-2).
20
Suppose -2*c - b = c - 51, 34 = 2*c - 3*b. Let m(r) = -4*r**2 + 12 - c - 4*r + r**3 + 3. Calculate m(5).
3
Let f(d) = 9*d**2 + 8*d - 3. Let m(a) = 11*a**2 + 8*a - 3. Let x(n) = -5*f(n) + 4*m(n). Calculate x(-8).
3
Let s(r) = -4*r + 23. Let a(x) = -6 + 4*x - 3*x + 0*x. Let f(o) = 9*a(o) + 2*s(o). Suppose m = 4*m - 2*h - 18, 5*h + 30 = 5*m. What is f(m)?
-2
Let r(q) = -q**3 - 5*q**2 + q - 4. Suppose -5*f = 2*k - 0*k - 21, 2*f + 2*k - 12 = 0. Let m be (f + 21/(-6))*12. Determine r(m).
26
Let k(c) = -c**2 + 7*c - 2. Let x be (-10)/(-2)*(3/(-1))/3. Let q be (-3 - -4 - x)/1. What is k(q)?
4
Let u be (-14)/12*(19 + -34 - -21). Let m(l) = -l**3 - 9*l**2 - 8*l + 6. Calculate m(u).
-36
Suppose -9*p - 3 = -21. Let